st the prime factors of r.
5, 11
Suppose 42*r - 43*r + 46925 = -4*u, 3*u = 3*r - 140730. List the prime factors of r.
3, 5, 53, 59
Let a(f) = -f**2 - 16*f + 16. Let h be a(-20). Let q = h - -64. Suppose -2*y + q*w + 81 = -5*w, y = 3*w + 43. List the prime factors of y.
2, 7
Suppose 4*s = 2*t + s - 7, -5*t - s = -26. Suppose -4*n = -p + 297 - 66, -3*p - t*n = -710. List the prime factors of p.
5, 47
Suppose -4*k - 5*x - 1828 + 13958 = 0, -4*x + 8 = 0. What are the prime factors of k?
2, 3, 5, 101
List the prime factors of 4 + 123116/4 + -13.
2, 5, 17, 181
Let a = 631 - 356. Let z(w) = -16*w - 6. Let s be z(8). Let f = s + a. List the prime factors of f.
3, 47
Suppose -4*q - 12 = -0, 1340 = 5*n - 5*q. Suppose -4*x + n = x. Let c = x - -106. List the prime factors of c.
3, 53
Suppose 3*q = -3*m + 1896, -2*q + 4*q - 3169 = -5*m. Suppose 157 = c - 0*l + 2*l, -4*c - l + m = 0. What are the prime factors of c?
3, 53
Let u be (1 - (-1 - (1 + -2))) + 1039. Let i = u + -665. List the prime factors of i.
3, 5
Let f(o) = -2*o**3 - 3*o**2 - o + 5. Let h be ((-39)/12 + -2)/(12/(-160)). Suppose h = -5*w + 50. List the prime factors of f(w).
89
Let k(a) = 572*a + 2256. What are the prime factors of k(21)?
2, 3, 29, 41
Suppose 2*p - 9002 = -5*w + 5653, -4*p + 29331 = 3*w. List the prime factors of p.
3, 5, 163
Let g = -4035 + 2194. Let r = g - -2745. What are the prime factors of r?
2, 113
Let t = 1396 - 990. Suppose -y - 74 + t = 0. Suppose -4*f = -4*x + y, -2 = -4*f + 2. What are the prime factors of x?
2, 3, 7
Suppose 4*n - 22 = -2*v, 5 = -3*v - 5*n + 34. Suppose -3*l = v*y - 426, l = -3*l - 20. List the prime factors of y.
3, 7
Suppose -15 = 3*m, 2*b + 22*m - 20*m = -4. Suppose -5031 = -4*t + 2*z - z, b*t - 3779 = -5*z. What are the prime factors of t?
2, 17, 37
Suppose 20*j - 16*j - 19916 = 0. Suppose 82*q = 69*q + j. What are the prime factors of q?
383
Let s = 25 - 13. Suppose -2*z + 70 = -s. Let m = z + -39. List the prime factors of m.
2
Let j = -21 + 63. Suppose 2*n - 173 = -0*z + z, -5*n - 2*z + 455 = 0. Let c = n - j. List the prime factors of c.
47
Let n(x) = x**2 - x - 1. Let p be n(-1). Let m(s) = -p + 14*s - 3*s + 11*s. What are the prime factors of m(4)?
3, 29
Suppose 10*u + 5*s - 30 = 7*u, 0 = 3*u - 5*s. Suppose -4*c + 5*z + 6002 = -0*z, 5*c = -u*z + 7480. List the prime factors of c.
2, 7, 107
Let w = 360 - 356. Suppose o + 3474 = w*d, 10*d + o = 12*d - 1736. List the prime factors of d.
11, 79
Let p be 2/4*290/(-5). Let c = p + 394. What are the prime factors of c?
5, 73
Suppose 398*g + 1008 = -42*g + 2077808. List the prime factors of g.
2, 5, 59
Let c = 102 + -97. Let v(j) = -j**2 + 6*j + 9. Let z be v(c). List the prime factors of z + -11 - (2 - 21).
2, 11
Let v(n) = -751*n + 2282. What are the prime factors of v(-88)?
2, 3, 5, 43, 53
Let h = 265 - 153. Let v = 221 - h. List the prime factors of v.
109
Let j be (-90)/(-2 - (-1 + -1 - -1)). Let h = -213 - -129. Let d = h + j. List the prime factors of d.
2, 3
Suppose 16*r - 8*r = 136. Suppose 0 = -r*b + 6*b + 3630. What are the prime factors of b?
2, 3, 5, 11
Let f = -3830 - -7710. Suppose 3*d - 2*d = -3*u + f, -3*u = -3*d - 3900. List the prime factors of u.
5, 7, 37
Suppose -y + 72633 = 5*x, 20*x - 17*x - y = 43583. Suppose x = 18*j - 1079. List the prime factors of j.
3, 17
Suppose 13 - 9 = 2*o. Suppose -4*j + 6*j = 4, -o*q - j = -1068. List the prime factors of q.
13, 41
Let a = -26 + 54. Suppose -26*u + a*u = -40. Let d(k) = k**3 + 18*k**2 - 49*k - 17. What are the prime factors of d(u)?
163
Let p = -20534 + 37031. List the prime factors of p.
3, 13, 47
Let b be (-10 - 15/5) + 4. Let p(s) = -4*s + 25. Let f be p(b). Suppose 107 = 4*d - f. What are the prime factors of d?
2, 3, 7
Suppose 14*i = 245 + 245. Suppose -6*b - i*b = -31611. List the prime factors of b.
3, 257
Suppose -p = -5*n + 1580, 0*p = -p + 5. Suppose 0 = -136*h + 137*h - n. What are the prime factors of h?
317
Let k = 7829 + -7436. Suppose 0 = -3*u + h + 280, -2*h = -u + h + 96. Suppose u - k = -3*s. List the prime factors of s.
2, 5
Let d(i) = -21*i + 122. Suppose 0 = -11*q + 3*q - 104. What are the prime factors of d(q)?
5, 79
Let t = 99 + -42. Let h = t + -40. List the prime factors of h.
17
Suppose 2*g = -2*h + 33995 + 53771, 2*h + 5*g = 87757. List the prime factors of h.
2, 21943
Let r(x) = 18*x - 55. Let a be (24/96)/((-2)/(-88)). What are the prime factors of r(a)?
11, 13
Let i(f) = 4366*f - 5316. List the prime factors of i(5).
2, 23, 359
Let w(b) = 3*b**2 + 168*b + 150. List the prime factors of w(-79).
3, 1867
Suppose 37*z - 28*z = 945. List the prime factors of ((-224)/10)/((-6)/z).
2, 7
Let f = -6246 - -10223. List the prime factors of f.
41, 97
List the prime factors of 2/12*-2 + (-2173304)/(-591).
3677
Let p be (-4)/10 + (-2)/(-5). Let c be (-18)/4*(-32)/18. Suppose p = c*q - 3*q - 1150. What are the prime factors of q?
2, 5, 23
Let u be ((-152)/95)/(2/5). What are the prime factors of (43 + -47)/(u/1418)?
2, 709
Let y = 1595 + 1080. Suppose 5*w - 3*u = -0*u + 4497, 3*w = -4*u + y. List the prime factors of w.
3, 13, 23
What are the prime factors of 4/(((-3)/(-927))/((-775)/(-150)))?
2, 31, 103
Suppose 2*h + 508 = 508. Let d(p) = p**3 + p**2 + p. Let k(x) = 4*x**3 + 6*x**2 + 4*x - 148. Let q(t) = 5*d(t) - k(t). List the prime factors of q(h).
2, 37
Suppose 5*v - 79 = o, 49 = -o + 8*v - 13*v. Let b be 1*(-21)/3*-13. Let u = b - o. What are the prime factors of u?
5, 31
Let t be 1/4*-1 - (-122)/8. Let u be 4/10 - 4611/t. Let k = 438 + u. What are the prime factors of k?
131
Suppose -3*u - 6*m + 3*m = 0, -4*m - 32 = -4*u. Suppose 558 = 2*i + 5*j - 8*j, -2*i + u*j + 556 = 0. What are the prime factors of i?
2, 3, 47
Suppose -48*g - 45*g + 57841 = -86*g. What are the prime factors of g?
8263
Let j = 13315 - 6592. List the prime factors of j.
3, 83
Suppose 437*b - 431*b - 31865 = 27565. What are the prime factors of b?
5, 7, 283
Let p = 10126 + 14984. List the prime factors of p.
2, 3, 5, 31
Let v be (-77)/(-44) + 2/8. Suppose -6 + 3 = -h, -4*h + 24 = -v*d. Let w(g) = g**3 + 5*g**2 - 5*g + 8. List the prime factors of w(d).
2
Suppose 200*n - 137119 + 322233 - 1680514 = 0. What are the prime factors of n?
7477
Let l(x) = 46*x**3 + 2*x**2 - 14*x + 139. List the prime factors of l(6).
29, 347
Let j be ((1 - 3) + 3)*3. Let p = 2347 + -2263. Suppose -3*n = j*n - p. What are the prime factors of n?
2, 7
Suppose -62*i - 107729 + 49265 = -358854. List the prime factors of i.
3, 5, 17, 19
Let c = 68 + -73. Let r(l) = -l**2 - 3*l - 2. Let k be r(c). List the prime factors of -35*20/k*3.
5, 7
Suppose 86*g + 82026 = 517021 + 102333. What are the prime factors of g?
2, 11, 71
Let v be (12 - 15)*3747*2/(-9). Suppose 5*j = 3*i + 822 - v, -2*j = -2*i + 1112. List the prime factors of i.
2, 3, 23
Let x = -66 - -70. Suppose -6 + 0 = -3*u, -2*v + 8 = -x*u. Suppose v + 44 = g. What are the prime factors of g?
2, 13
Suppose 26*x = 27*x. Let g be x + (-4 - 5)/(-3). Suppose -395 = -g*u - 2*u + 5*h, 4*u - 311 = 5*h. List the prime factors of u.
2, 3, 7
Let r be 1/(2/4) - (0 + 2). Suppose m - 1 = r, -s - 2*m - 480 = -169. Let o = s - -481. What are the prime factors of o?
2, 3, 7
Let w = -94 + 382. Suppose -w + 48 = -4*t. Suppose -74 = -2*g + t. What are the prime factors of g?
67
Let y be 2/(-4)*40/4. Let r be 3 + -1 - (y - (-6 + 3)). Let k(o) = 2*o**3 - o**2 - 4*o - 6. List the prime factors of k(r).
2, 3, 5
Let d be 100/(-60)*(2 - 11). List the prime factors of (d/20*10)/(2/372).
3, 5, 31
Let t(d) = 30*d**2 - 10*d - 2. Let y be t(-4). Suppose 5*z - 5*l - 510 = 0, 2*z + 3*z = -3*l + y. List the prime factors of z.
103
Let o(n) be the second derivative of 7*n**3/2 + 15*n**2 + n + 22. List the prime factors of o(1).
3, 17
Let j = 72561 + -47877. What are the prime factors of j?
2, 3, 11, 17
Let o(q) = 5*q**2 - 25*q - 43. Suppose -28*t - 70 = -21*t. List the prime factors of o(t).
7, 101
Let s = -1810 + 6966. List the prime factors of s.
2, 1289
Suppose 2*g - 4*n - 3541 = g, 0 = -4*g - 4*n + 14124. Suppose f - 1 + 2 = 0, -3*v + g = 4*f. What are the prime factors of v?
3, 131
Suppose 0*z + 12296 = 2*d - z, 0 = -5*d - 3*z + 30740. List the prime factors of d.
2, 29, 53
Let n(c) = 20*c**2 - 56*c + 684. List the prime factors of n(19